{"id":2808,"date":"2025-10-28T07:23:38","date_gmt":"2025-10-28T06:23:38","guid":{"rendered":"https:\/\/impm-cm.org\/?page_id=2808"},"modified":"2026-02-16T21:39:09","modified_gmt":"2026-02-16T20:39:09","slug":"site-en-maintenance","status":"publish","type":"page","link":"https:\/\/impm-cm.org\/index.php\/site-en-maintenance\/","title":{"rendered":"Site en maintenance"},"content":{"rendered":"\t\t<div data-elementor-type=\"wp-page\" data-elementor-id=\"2808\" class=\"elementor elementor-2808\">\n\t\t\t\t<div class=\"elementor-element elementor-element-728db24 e-flex e-con-boxed e-con e-parent\" data-id=\"728db24\" data-element_type=\"container\" data-e-type=\"container\">\n\t\t\t\t\t<div class=\"e-con-inner\">\n\t\t<div class=\"elementor-element elementor-element-4b0819d e-con-full e-flex e-con e-child\" data-id=\"4b0819d\" data-element_type=\"container\" data-e-type=\"container\">\n\t\t\t\t<div class=\"elementor-element elementor-element-d49105e elementor-widget__width-initial exad-sticky-section-no exad-glass-effect-no elementor-widget elementor-widget-image\" data-id=\"d49105e\" data-element_type=\"widget\" data-e-type=\"widget\" data-widget_type=\"image.default\">\n\t\t\t\t<div class=\"elementor-widget-container\">\n\t\t\t\t\t\t\t\t\t\t\t\t\t\t\t<img decoding=\"async\" width=\"90\" height=\"98\" src=\"https:\/\/impm-cm.org\/wp-content\/uploads\/2021\/07\/IMPM_logo_90x98px.png\" class=\"attachment-large size-large wp-image-287\" alt=\"\" \/>\t\t\t\t\t\t\t\t\t\t\t\t\t\t\t<\/div>\n\t\t\t\t<\/div>\n\t\t\t\t<\/div>\n\t\t<div class=\"elementor-element elementor-element-8a37296 e-con-full e-flex e-con e-child\" data-id=\"8a37296\" data-element_type=\"container\" data-e-type=\"container\">\n\t\t\t\t<\/div>\n\t\t\t\t\t<\/div>\n\t\t\t\t<\/div>\n\t\t<div class=\"elementor-element elementor-element-74391cb e-flex e-con-boxed e-con e-parent\" data-id=\"74391cb\" data-element_type=\"container\" data-e-type=\"container\">\n\t\t\t\t\t<div class=\"e-con-inner\">\n\t\t<div class=\"elementor-element elementor-element-3940401 e-con-full e-flex e-con e-child\" data-id=\"3940401\" data-element_type=\"container\" data-e-type=\"container\">\n\t\t\t\t<div class=\"elementor-element elementor-element-5458bb8 exad-sticky-section-no exad-glass-effect-no elementor-widget elementor-widget-heading\" data-id=\"5458bb8\" data-element_type=\"widget\" data-e-type=\"widget\" data-widget_type=\"heading.default\">\n\t\t\t\t<div class=\"elementor-widget-container\">\n\t\t\t\t\t<h3 class=\"elementor-heading-title elementor-size-default\">Le site de l'IMPM fait sa mue<\/h3>\t\t\t\t<\/div>\n\t\t\t\t<\/div>\n\t\t\t\t<div class=\"elementor-element elementor-element-0910a21 exad-sticky-section-no exad-glass-effect-no elementor-widget elementor-widget-text-editor\" data-id=\"0910a21\" data-element_type=\"widget\" data-e-type=\"widget\" data-widget_type=\"text-editor.default\">\n\t\t\t\t<div class=\"elementor-widget-container\">\n\t\t\t\t\t\t\t\t\t<p>Nouvelle version plus<\/p>\t\t\t\t\t\t\t\t<\/div>\n\t\t\t\t<\/div>\n\t\t\t\t<div class=\"elementor-element elementor-element-16cf212 exad-sticky-section-no exad-glass-effect-no elementor-widget elementor-widget-exad-animated-text\" data-id=\"16cf212\" data-element_type=\"widget\" data-e-type=\"widget\" data-widget_type=\"exad-animated-text.default\">\n\t\t\t\t<div class=\"elementor-widget-container\">\n\t\t\t\t\t\r\n\t\t<div class=\"exad-animated-text exad-animated-text-align-center\">\r\n\r\n\t\t\t\r\n\t\t\t<h3 class=\"exad-typed-strings\" data-type_string=\"[&quot;attractive&quot;,&quot; fluide&quot;,&quot; dynamique&quot;,&quot; riche&quot;]\" data-heading_animation=\"exad-typed-animation\" data-type_speed=\"60\" data-back_type_speed=\"60\" data-loop=\"yes\" data-show_cursor=\"yes\" data-fade_out=\"yes\" data-smart_backspace=\"yes\" data-start_delay=\"1000\" data-back_delay=\"1000\">\r\n\r\n\t\t\t\t\t\t\t\t\r\n\t\t\t\t<span class=\"exad-animated-text-pre-heading\">\r\n\t\t\t\t\t\t\t\t\t<\/span>\r\n\t\t\t\t\r\n\t\t\t\t<span id=\"exad-animated-text-239\" class=\"exad-animated-text-animated-heading\"><\/span>\r\n\t\t\t<\/h3>\r\n\r\n\t\t\t\r\n\t\t<\/div>\r\n\t\t\t\t\t<\/div>\n\t\t\t\t<\/div>\n\t\t\t\t<div class=\"elementor-element elementor-element-0e2a4aa eael-infobox-content-align--center eael-infobox-icon-bg-shape-none eael-infobox-icon-hover-bg-shape-none exad-sticky-section-no exad-glass-effect-no elementor-widget elementor-widget-eael-info-box\" data-id=\"0e2a4aa\" data-element_type=\"widget\" data-e-type=\"widget\" data-widget_type=\"eael-info-box.default\">\n\t\t\t\t<div class=\"elementor-widget-container\">\n\t\t\t\t\t        <div class=\"eael-infobox icon-on-top\">\n\t            <div class=\"infobox-icon eael-icon-only\">\n\n            \n                            <div class=\"infobox-icon-wrap\">\n                    <svg aria-hidden=\"true\" class=\"e-font-icon-svg e-fas-info-circle\" viewBox=\"0 0 512 512\" xmlns=\"http:\/\/www.w3.org\/2000\/svg\"><path d=\"M256 8C119.043 8 8 119.083 8 256c0 136.997 111.043 248 248 248s248-111.003 248-248C504 119.083 392.957 8 256 8zm0 110c23.196 0 42 18.804 42 42s-18.804 42-42 42-42-18.804-42-42 18.804-42 42-42zm56 254c0 6.627-5.373 12-12 12h-88c-6.627 0-12-5.373-12-12v-24c0-6.627 5.373-12 12-12h12v-64h-12c-6.627 0-12-5.373-12-12v-24c0-6.627 5.373-12 12-12h64c6.627 0 12 5.373 12 12v100h12c6.627 0 12 5.373 12 12v24z\"><\/path><\/svg>                <\/div>\n            \n            \n        <\/div>\n            <div class=\"infobox-content eael-icon-only\">\n                    <div class=\"infobox-title-section\">\n                <h2 class=\"title\">Info<\/h2>            <\/div>\n            <div><p>Pour des raisons techniques li\u00e9es aux services d&rsquo;h\u00e9bergement, la mise en ligne de la nouvelle version du site internet de l&rsquo;IMPM est report\u00e9e au <strong>lundi 16 f\u00e9vrier 2026.<\/strong><\/p><p>Merci de votre compr\u00e9hension.<\/p><\/div>        <\/div>\n            <\/div>\n\n\t\t\t\t\t\t<\/div>\n\t\t\t\t<\/div>\n\t\t\t\t<\/div>\n\t\t<div class=\"elementor-element elementor-element-f9654a1 e-con-full e-flex e-con e-child\" data-id=\"f9654a1\" data-element_type=\"container\" data-e-type=\"container\">\n\t\t\t\t<div class=\"elementor-element elementor-element-faecadb exad-sticky-section-no exad-glass-effect-no elementor-widget elementor-widget-video\" data-id=\"faecadb\" data-element_type=\"widget\" data-e-type=\"widget\" data-settings=\"{&quot;youtube_url&quot;:&quot;https:\\\/\\\/www.youtube.com\\\/watch?v=jMWg1HuDols&amp;t=1s&quot;,&quot;autoplay&quot;:&quot;yes&quot;,&quot;mute&quot;:&quot;yes&quot;,&quot;loop&quot;:&quot;yes&quot;,&quot;video_type&quot;:&quot;youtube&quot;}\" data-widget_type=\"video.default\">\n\t\t\t\t<div class=\"elementor-widget-container\">\n\t\t\t\t\t\t\t<div class=\"elementor-wrapper elementor-open-inline\">\n\t\t\t<div class=\"elementor-video\"><\/div>\t\t<\/div>\n\t\t\t\t\t\t<\/div>\n\t\t\t\t<\/div>\n\t\t\t\t<\/div>\n\t\t\t\t\t<\/div>\n\t\t\t\t<\/div>\n\t\t\t\t<\/div>\n\t\t","protected":false},"excerpt":{"rendered":"<p>Le site de l&rsquo;IMPM fait sa mue Nouvelle version plus Info Pour des raisons techniques li\u00e9es aux services d&rsquo;h\u00e9bergement, la mise en ligne de la nouvelle version du site internet de l&rsquo;IMPM est report\u00e9e au lundi 16 f\u00e9vrier 2026. Merci de votre compr\u00e9hension.<\/p>\n","protected":false},"author":1,"featured_media":0,"parent":0,"menu_order":0,"comment_status":"closed","ping_status":"closed","template":"elementor_canvas","meta":{"_uag_custom_page_level_css":"","_kadence_starter_templates_imported_post":false,"_kad_post_transparent":"","_kad_post_title":"","_kad_post_layout":"","_kad_post_sidebar_id":"","_kad_post_content_style":"","_kad_post_vertical_padding":"","_kad_post_feature":"","_kad_post_feature_position":"","_kad_post_header":false,"_kad_post_footer":false,"_kad_post_classname":"","footnotes":""},"class_list":["post-2808","page","type-page","status-publish","hentry"],"yoast_head":"<!-- This site is optimized with the Yoast SEO plugin v27.3 - https:\/\/yoast.com\/product\/yoast-seo-wordpress\/ -->\n<title>Site en maintenance - IMPM<\/title>\n<meta name=\"robots\" content=\"index, follow, max-snippet:-1, max-image-preview:large, max-video-preview:-1\" \/>\n<link rel=\"canonical\" href=\"https:\/\/impm-cm.org\/index.php\/site-en-maintenance\/\" \/>\n<meta property=\"og:locale\" content=\"fr_FR\" \/>\n<meta property=\"og:type\" content=\"article\" \/>\n<meta property=\"og:title\" content=\"Site en maintenance - IMPM\" \/>\n<meta property=\"og:description\" content=\"Le site de l&rsquo;IMPM fait sa mue Nouvelle version plus Info Pour des raisons techniques li\u00e9es aux services d&rsquo;h\u00e9bergement, la mise en ligne de la nouvelle version du site internet de l&rsquo;IMPM est report\u00e9e au lundi 16 f\u00e9vrier 2026. Merci de votre compr\u00e9hension.\" \/>\n<meta property=\"og:url\" content=\"https:\/\/impm-cm.org\/index.php\/site-en-maintenance\/\" \/>\n<meta property=\"og:site_name\" content=\"IMPM\" \/>\n<meta property=\"article:modified_time\" content=\"2026-02-16T20:39:09+00:00\" \/>\n<meta property=\"og:image\" content=\"https:\/\/impm-cm.org\/wp-content\/uploads\/2021\/07\/IMPM_logo_90x98px.png\" \/>\n\t<meta property=\"og:image:width\" content=\"90\" \/>\n\t<meta property=\"og:image:height\" content=\"98\" \/>\n\t<meta property=\"og:image:type\" content=\"image\/png\" \/>\n<meta name=\"twitter:card\" content=\"summary_large_image\" \/>\n<meta name=\"twitter:label1\" content=\"Dur\u00e9e de lecture estim\u00e9e\" \/>\n\t<meta name=\"twitter:data1\" content=\"1 minute\" \/>\n<script type=\"application\/ld+json\" class=\"yoast-schema-graph\">{\"@context\":\"https:\\\/\\\/schema.org\",\"@graph\":[{\"@type\":\"WebPage\",\"@id\":\"https:\\\/\\\/impm-cm.org\\\/index.php\\\/site-en-maintenance\\\/\",\"url\":\"https:\\\/\\\/impm-cm.org\\\/index.php\\\/site-en-maintenance\\\/\",\"name\":\"Site en maintenance - IMPM\",\"isPartOf\":{\"@id\":\"https:\\\/\\\/impm-cm.org\\\/#website\"},\"primaryImageOfPage\":{\"@id\":\"https:\\\/\\\/impm-cm.org\\\/index.php\\\/site-en-maintenance\\\/#primaryimage\"},\"image\":{\"@id\":\"https:\\\/\\\/impm-cm.org\\\/index.php\\\/site-en-maintenance\\\/#primaryimage\"},\"thumbnailUrl\":\"https:\\\/\\\/impm-cm.org\\\/wp-content\\\/uploads\\\/2021\\\/07\\\/IMPM_logo_90x98px.png\",\"datePublished\":\"2025-10-28T06:23:38+00:00\",\"dateModified\":\"2026-02-16T20:39:09+00:00\",\"breadcrumb\":{\"@id\":\"https:\\\/\\\/impm-cm.org\\\/index.php\\\/site-en-maintenance\\\/#breadcrumb\"},\"inLanguage\":\"fr-FR\",\"potentialAction\":[{\"@type\":\"ReadAction\",\"target\":[\"https:\\\/\\\/impm-cm.org\\\/index.php\\\/site-en-maintenance\\\/\"]}]},{\"@type\":\"ImageObject\",\"inLanguage\":\"fr-FR\",\"@id\":\"https:\\\/\\\/impm-cm.org\\\/index.php\\\/site-en-maintenance\\\/#primaryimage\",\"url\":\"https:\\\/\\\/impm-cm.org\\\/wp-content\\\/uploads\\\/2021\\\/07\\\/IMPM_logo_90x98px.png\",\"contentUrl\":\"https:\\\/\\\/impm-cm.org\\\/wp-content\\\/uploads\\\/2021\\\/07\\\/IMPM_logo_90x98px.png\",\"width\":90,\"height\":98},{\"@type\":\"BreadcrumbList\",\"@id\":\"https:\\\/\\\/impm-cm.org\\\/index.php\\\/site-en-maintenance\\\/#breadcrumb\",\"itemListElement\":[{\"@type\":\"ListItem\",\"position\":1,\"name\":\"Accueil\",\"item\":\"https:\\\/\\\/impm-cm.org\\\/\"},{\"@type\":\"ListItem\",\"position\":2,\"name\":\"Site en maintenance\"}]},{\"@type\":\"WebSite\",\"@id\":\"https:\\\/\\\/impm-cm.org\\\/#website\",\"url\":\"https:\\\/\\\/impm-cm.org\\\/\",\"name\":\"IMPM\",\"description\":\"INSTITUT DE RECHERCHES MEDICALES ET D&#039;ETUDES DES PLANTES MEDICINALES\",\"publisher\":{\"@id\":\"https:\\\/\\\/impm-cm.org\\\/#organization\"},\"potentialAction\":[{\"@type\":\"SearchAction\",\"target\":{\"@type\":\"EntryPoint\",\"urlTemplate\":\"https:\\\/\\\/impm-cm.org\\\/?s={search_term_string}\"},\"query-input\":{\"@type\":\"PropertyValueSpecification\",\"valueRequired\":true,\"valueName\":\"search_term_string\"}}],\"inLanguage\":\"fr-FR\"},{\"@type\":\"Organization\",\"@id\":\"https:\\\/\\\/impm-cm.org\\\/#organization\",\"name\":\"IMPM\",\"url\":\"https:\\\/\\\/impm-cm.org\\\/\",\"logo\":{\"@type\":\"ImageObject\",\"inLanguage\":\"fr-FR\",\"@id\":\"https:\\\/\\\/impm-cm.org\\\/#\\\/schema\\\/logo\\\/image\\\/\",\"url\":\"https:\\\/\\\/impm-cm.org\\\/wp-content\\\/uploads\\\/2021\\\/07\\\/IMPM_logo_90x98px.png\",\"contentUrl\":\"https:\\\/\\\/impm-cm.org\\\/wp-content\\\/uploads\\\/2021\\\/07\\\/IMPM_logo_90x98px.png\",\"width\":90,\"height\":98,\"caption\":\"IMPM\"},\"image\":{\"@id\":\"https:\\\/\\\/impm-cm.org\\\/#\\\/schema\\\/logo\\\/image\\\/\"}}]}<\/script>\n<!-- \/ Yoast SEO plugin. -->","yoast_head_json":{"title":"Site en maintenance - IMPM","robots":{"index":"index","follow":"follow","max-snippet":"max-snippet:-1","max-image-preview":"max-image-preview:large","max-video-preview":"max-video-preview:-1"},"canonical":"https:\/\/impm-cm.org\/index.php\/site-en-maintenance\/","og_locale":"fr_FR","og_type":"article","og_title":"Site en maintenance - IMPM","og_description":"Le site de l&rsquo;IMPM fait sa mue Nouvelle version plus Info Pour des raisons techniques li\u00e9es aux services d&rsquo;h\u00e9bergement, la mise en ligne de la nouvelle version du site internet de l&rsquo;IMPM est report\u00e9e au lundi 16 f\u00e9vrier 2026. Merci de votre compr\u00e9hension.","og_url":"https:\/\/impm-cm.org\/index.php\/site-en-maintenance\/","og_site_name":"IMPM","article_modified_time":"2026-02-16T20:39:09+00:00","og_image":[{"width":90,"height":98,"url":"https:\/\/impm-cm.org\/wp-content\/uploads\/2021\/07\/IMPM_logo_90x98px.png","type":"image\/png"}],"twitter_card":"summary_large_image","twitter_misc":{"Dur\u00e9e de lecture estim\u00e9e":"1 minute"},"schema":{"@context":"https:\/\/schema.org","@graph":[{"@type":"WebPage","@id":"https:\/\/impm-cm.org\/index.php\/site-en-maintenance\/","url":"https:\/\/impm-cm.org\/index.php\/site-en-maintenance\/","name":"Site en maintenance - IMPM","isPartOf":{"@id":"https:\/\/impm-cm.org\/#website"},"primaryImageOfPage":{"@id":"https:\/\/impm-cm.org\/index.php\/site-en-maintenance\/#primaryimage"},"image":{"@id":"https:\/\/impm-cm.org\/index.php\/site-en-maintenance\/#primaryimage"},"thumbnailUrl":"https:\/\/impm-cm.org\/wp-content\/uploads\/2021\/07\/IMPM_logo_90x98px.png","datePublished":"2025-10-28T06:23:38+00:00","dateModified":"2026-02-16T20:39:09+00:00","breadcrumb":{"@id":"https:\/\/impm-cm.org\/index.php\/site-en-maintenance\/#breadcrumb"},"inLanguage":"fr-FR","potentialAction":[{"@type":"ReadAction","target":["https:\/\/impm-cm.org\/index.php\/site-en-maintenance\/"]}]},{"@type":"ImageObject","inLanguage":"fr-FR","@id":"https:\/\/impm-cm.org\/index.php\/site-en-maintenance\/#primaryimage","url":"https:\/\/impm-cm.org\/wp-content\/uploads\/2021\/07\/IMPM_logo_90x98px.png","contentUrl":"https:\/\/impm-cm.org\/wp-content\/uploads\/2021\/07\/IMPM_logo_90x98px.png","width":90,"height":98},{"@type":"BreadcrumbList","@id":"https:\/\/impm-cm.org\/index.php\/site-en-maintenance\/#breadcrumb","itemListElement":[{"@type":"ListItem","position":1,"name":"Accueil","item":"https:\/\/impm-cm.org\/"},{"@type":"ListItem","position":2,"name":"Site en maintenance"}]},{"@type":"WebSite","@id":"https:\/\/impm-cm.org\/#website","url":"https:\/\/impm-cm.org\/","name":"IMPM","description":"INSTITUT DE RECHERCHES MEDICALES ET D&#039;ETUDES DES PLANTES MEDICINALES","publisher":{"@id":"https:\/\/impm-cm.org\/#organization"},"potentialAction":[{"@type":"SearchAction","target":{"@type":"EntryPoint","urlTemplate":"https:\/\/impm-cm.org\/?s={search_term_string}"},"query-input":{"@type":"PropertyValueSpecification","valueRequired":true,"valueName":"search_term_string"}}],"inLanguage":"fr-FR"},{"@type":"Organization","@id":"https:\/\/impm-cm.org\/#organization","name":"IMPM","url":"https:\/\/impm-cm.org\/","logo":{"@type":"ImageObject","inLanguage":"fr-FR","@id":"https:\/\/impm-cm.org\/#\/schema\/logo\/image\/","url":"https:\/\/impm-cm.org\/wp-content\/uploads\/2021\/07\/IMPM_logo_90x98px.png","contentUrl":"https:\/\/impm-cm.org\/wp-content\/uploads\/2021\/07\/IMPM_logo_90x98px.png","width":90,"height":98,"caption":"IMPM"},"image":{"@id":"https:\/\/impm-cm.org\/#\/schema\/logo\/image\/"}}]}},"uagb_featured_image_src":{"full":false,"thumbnail":false,"medium":false,"medium_large":false,"large":false,"1536x1536":false,"2048x2048":false,"mailpoet_newsletter_max":false},"uagb_author_info":{"display_name":"admin","author_link":"https:\/\/impm-cm.org\/index.php\/author\/meula\/"},"uagb_comment_info":0,"uagb_excerpt":"Le site de l&rsquo;IMPM fait sa mue Nouvelle version plus Info Pour des raisons techniques li\u00e9es aux services d&rsquo;h\u00e9bergement, la mise en ligne de la nouvelle version du site internet de l&rsquo;IMPM est report\u00e9e au lundi 16 f\u00e9vrier 2026. Merci de votre compr\u00e9hension.","jetpack_sharing_enabled":true,"_links":{"self":[{"href":"https:\/\/impm-cm.org\/index.php\/wp-json\/wp\/v2\/pages\/2808","targetHints":{"allow":["GET"]}}],"collection":[{"href":"https:\/\/impm-cm.org\/index.php\/wp-json\/wp\/v2\/pages"}],"about":[{"href":"https:\/\/impm-cm.org\/index.php\/wp-json\/wp\/v2\/types\/page"}],"author":[{"embeddable":true,"href":"https:\/\/impm-cm.org\/index.php\/wp-json\/wp\/v2\/users\/1"}],"replies":[{"embeddable":true,"href":"https:\/\/impm-cm.org\/index.php\/wp-json\/wp\/v2\/comments?post=2808"}],"version-history":[{"count":2,"href":"https:\/\/impm-cm.org\/index.php\/wp-json\/wp\/v2\/pages\/2808\/revisions"}],"predecessor-version":[{"id":3750,"href":"https:\/\/impm-cm.org\/index.php\/wp-json\/wp\/v2\/pages\/2808\/revisions\/3750"}],"wp:attachment":[{"href":"https:\/\/impm-cm.org\/index.php\/wp-json\/wp\/v2\/media?parent=2808"}],"curies":[{"name":"wp","href":"https:\/\/api.w.org\/{rel}","templated":true}]}}